n factor of p and 3.
3
Suppose -96 = -12*q + 96. What is the highest common factor of 64 and q?
16
Suppose -2*q + 8 = -3*q. Let i(v) = -3*v - 10. Let f be i(q). What is the greatest common divisor of 21 and f?
7
Let a be (-1)/2 + 281/2. Suppose -4*u - a = -9*u. What is the greatest common divisor of u and 14?
14
Let g(w) = -6*w - 9. Let j be g(-8). Let f(t) = t**3 + 6*t**2 + 2*t - 2. Let i be f(-5). Calculate the greatest common factor of i and j.
13
Suppose v + 0*v - 1 = 0. Suppose -49 - v = -2*d. Suppose 0 = -h + 3*h + 5*j - 53, h = -j + d. Calculate the greatest common divisor of 3 and h.
3
Suppose -4*h - 14 = -6*h. Let y(z) = 4*z + 7. Let p be y(h). Calculate the highest common factor of 5 and p.
5
Suppose -5*p - 2 + 26 = 2*o, 4*o + 5*p - 38 = 0. What is the greatest common factor of 14 and o?
7
Let s(o) = 4*o + 12. Let h = 8 - -1. Let f be s(h). Let v = 12 + -6. Calculate the greatest common divisor of f and v.
6
Let u(b) = b**3 - 7*b**2 - 7*b - 2. Let o be u(8). Let t be (-2)/3 - (-46)/o. Let m be (-780)/(-14) - (-2)/7. Calculate the greatest common divisor of t and m.
7
Let n be (-2 + 5)*(12 - 1). Let c be (-100)/(-16) - (-3)/(-12). Let v = 17 - c. What is the greatest common divisor of n and v?
11
Let k = 6 - -1. Calculate the highest common divisor of 56 and k.
7
Suppose -68 = -3*v + 100. Calculate the greatest common factor of v and 14.
14
Suppose 3*v - 4*y = 35, 0 = 4*v + v - 4*y - 45. Calculate the highest common divisor of 85 and v.
5
Suppose -4*v - 12 = 0, -k + 168 = 3*k - 4*v. Let c = k + 3. Calculate the greatest common factor of c and 28.
14
Let l = -18 - -15. Let g be (-22)/l + 2/3. What is the highest common factor of 4 and g?
4
Let z(t) be the first derivative of t**3 - 2*t**2 + 4*t - 2. Let w be z(4). What is the greatest common factor of w and 9?
9
Let g(d) = -4*d + 14. Let z be g(-11). Suppose 0 = -5*t + z + 117. What is the highest common factor of 7 and t?
7
Suppose 2*o - 4 - 48 = 0. Calculate the highest common factor of 130 and o.
26
Let w = -167 - -175. Calculate the highest common factor of 4 and w.
4
Suppose -4*t = -2 - 6. Suppose -t*f + 2*q + 13 = 3*f, 5*f - 11 = 4*q. Suppose -f*c = -c - 72. Calculate the greatest common factor of 4 and c.
4
Let m = -9 + 12. Suppose 0 = m*q - 4*a - 38, q - 10 = 5*a - a. Suppose -13 + 118 = 3*t. What is the highest common factor of q and t?
7
Let p be (((-9)/(-2))/(-3))/(15/(-220)). Calculate the greatest common divisor of 330 and p.
22
Let m be 4/18 - (-764)/(-36). Let w = m + 71. What is the greatest common divisor of w and 125?
25
Let z be 50/30*6/5. Calculate the greatest common divisor of 2 and z.
2
Let a be (6 + -2)*(-1 + -5). Let o = -9 - a. Calculate the highest common factor of o and 135.
15
Suppose -3*b - b = -8. What is the greatest common factor of b and 16?
2
Let t(j) = -2*j - 3. Let y be t(-3). What is the highest common divisor of y and 33?
3
Let h be (-14 + 10)*46/(-8). Calculate the highest common divisor of h and 23.
23
Let j be (-124)/12 + 2/6. Let d = 14 + j. Calculate the greatest common divisor of d and 32.
4
Suppose -5*u + 424 = h, 0*u + 264 = 3*u + 3*h. Calculate the greatest common factor of 14 and u.
14
Suppose -p - 4 = -5*p, 3 = 2*d - p. Suppose -15 = -d*v + 19. Calculate the greatest common divisor of 51 and v.
17
Suppose 8 - 30 = -2*w. Calculate the highest common divisor of w and 44.
11
Suppose 6*x - 20 = 28. Calculate the highest common factor of 56 and x.
8
Suppose 13*q - 12 = 10*q. Suppose -q*n + 157 = -35. What is the greatest common divisor of 72 and n?
24
Suppose -30 = -4*j + y + y, 0 = j - 5*y - 30. Suppose -j*h + 96 = 4*x, -5*h = 3*x - 43 - 34. Calculate the greatest common factor of 152 and x.
19
Let n be 1 + (-2 + 3 - -50). Let m be (1 + 1/(-4))*n. Let h(l) = 3*l + 1. Let f be h(4). What is the greatest common factor of m and f?
13
Let s = -38 - -56. Suppose j - 8 = 4. Calculate the highest common factor of j and s.
6
Let l be 8/((-4)/(-1)) - -110. What is the greatest common factor of 14 and l?
14
Suppose -1 = -w + 4*n, -4*w + 4*n - 6*n - 14 = 0. Let x = 4 + w. Calculate the greatest common factor of x and 3.
1
Suppose i - 15 = -2*i. Suppose 0*n = i*n. Suppose n = -5*r + p + 370, 6*p + 125 = 2*r + p. Calculate the highest common divisor of 15 and r.
15
Suppose -165 = -3*y - 2*y. What is the highest common divisor of y and 11?
11
Suppose 4*j = -3*w + 2, -j = 3*w - 3*j + 28. Let q = 3 + w. Let u be q*(-2 - 16/6). What is the greatest common divisor of u and 2?
2
Let n = -88 + 157. Calculate the highest common factor of n and 23.
23
Suppose 0 = 2*v - 10 - 14. What is the greatest common divisor of 66 and v?
6
Let u(m) = m**2 - m - 4. Let y be u(4). Let d be 1*y*(-6)/(-4). Let i be 6/(42/40 - 1). What is the highest common factor of i and d?
12
Suppose 0 = -35*f + 37*f - 4. Calculate the greatest common divisor of f and 5.
1
Suppose 0 = 2*t - 4*w + 22, 8 = w + w. Let f = 4 + t. Suppose 0 = -2*x - f + 17. Calculate the greatest common factor of x and 56.
8
Let g(b) = -b**3 - 19. Let l be g(0). Let a = l - -28. What is the greatest common divisor of a and 3?
3
Suppose -7*g - 2*g + 72 = 0. What is the greatest common divisor of g and 72?
8
Let o(z) = z**3 - 14*z**2 + 16*z + 9. Let v be o(13). Let f be 1/(-4) + 49/4. Calculate the greatest common factor of f and v.
12
Let q be (-4)/14 - 12/7. Let t(g) = g**2 - g + 3. Let c be t(0). Let b be c/6 - 23/q. Calculate the highest common factor of 96 and b.
12
Suppose 0 = 3*c + u + 2*u - 15, -2*u = -2*c + 26. Let m(x) = x**2 - 4*x - 5. Let q be m(8). Calculate the highest common factor of q and c.
9
Let i(s) = -s**3 - 4*s**2 + 5*s + 7. Let f be i(-6). Calculate the highest common factor of 7 and f.
7
Let a(z) = -17*z**3 - z**2 + 2*z - 2. Let b be a(-2). What is the greatest common divisor of b and 14?
14
Let h(v) = -v - 5. Let w be h(-3). Let g be (-2)/(w + 20/9). Let z = g + 13. What is the greatest common factor of z and 8?
4
Let t = -10 + 10. Suppose -3*v + 5*v - 16 = t. Calculate the greatest common factor of 1 and v.
1
Let r be (2 + -3 + 2)*20. Calculate the greatest common factor of 220 and r.
20
Let r(c) = c**2 + 6. Let h be r(0). Suppose -2*x + 0*x + h = 0. Suppose 59 = 3*v - 2*s, 0*v - 5*s + 31 = v. What is the greatest common divisor of x and v?
3
Let o(h) = -2*h + 29. Let i be o(-3). Calculate the greatest common factor of 10 and i.
5
Let i = -60 - -33. Let f be (-136)/3*i/18. Calculate the greatest common divisor of 34 and f.
34
Let v = -2 - -67. Calculate the highest common factor of v and 13.
13
Suppose -35 = -3*k + 1. Suppose -3*h + 7 = -2. Suppose -l - h*l = n - 30, n + 5*l - 30 = 0. What is the greatest common factor of n and k?
6
Let g = -33 + 39. Calculate the greatest common factor of 30 and g.
6
Suppose 0 = -t - 4*t + 15. Suppose -l = -t*b + 4, -4*l = 4*b - 5*l - 6. Let w = b - -4. Calculate the greatest common divisor of w and 60.
6
Let h = 30 + -9. Suppose 473*i - 882 = 459*i. Calculate the highest common divisor of i and h.
21
Suppose 4*j + 0*j = 440. Calculate the greatest common factor of 44 and j.
22
Let n = 12 - 1. Let w(k) = k**3 - 10*k**2 - 9*k - 10. Let y be w(n). What is the highest common factor of 84 and y?
12
Suppose 5*i - 21 - 174 = 0. Calculate the greatest common divisor of i and 26.
13
Suppose 4*u + 0*u - 224 = -4*j, -3*u + 228 = 4*j. Calculate the highest common factor of 20 and j.
20
Let a = -3 - -7. Suppose g - i - 46 = -6*i, -a*i + 44 = g. What is the greatest common divisor of 9 and g?
9
Let g be ((-1)/1)/((99/(-36))/11). What is the highest common divisor of 5 and g?
1
Suppose 0 = 3*m - 2*m - 3*f - 30, -4*m = 3*f - 120. Calculate the highest common divisor of 12 and m.
6
Let g be -3*-1*10/6. Suppose -2*b = 2*z - 24, -5*b + 37 = 4*z - 8. Calculate the greatest common factor of z and g.
5
Suppose 2*i - 2*k - 9 = 71, 0 = -2*i - k + 77. What is the greatest common divisor of 52 and i?
13
Let w = -12 + 3. Let q = 26 + w. What is the greatest common divisor of q and 51?
17
Suppose 2*a = 4 + 2. Let h = a - -2. Suppose h*g = 3*g + 16. What is the highest common divisor of g and 64?
8
Suppose -d + 3 + 31 = 0. Let s = d + -6. Let g be 8/(-12) - (-28)/6. What is the greatest common divisor of g and s?
4
Let b = -5 - -7. Let h be (-12)/(-78) + 464/26. What is the grea